mon divisor of b and 50.
10
Let s(y) be the second derivative of -y**5/20 - y**4/3 + y**3/3 - 5*y**2/2 + y. Let f be s(-5). Calculate the highest common factor of 4 and f.
2
Suppose 2*b + 2*k = 136, 5*k = -0 - 5. Calculate the highest common divisor of b and 46.
23
Let z be 12/16 + 5/4. Suppose 2*o + 36 = -0*s + z*s, s - 5*o - 34 = 0. Calculate the greatest common factor of 21 and s.
7
Let a be (-2)/(-9) - (-2260)/36. Let h be (a + 0)*(-6)/(-9). Suppose 4*v - h = -14. Calculate the greatest common divisor of 56 and v.
7
Let n(a) = -a + 14. Let d be n(5). What is the highest common divisor of 12 and d?
3
Let a be 0*(-1)/(-2) - 2. Let j(l) = -l**3 + l**2 + l - 1. Let s be j(a). Suppose 2*y + 0*y = 198. What is the greatest common divisor of y and s?
9
Suppose -x - 5*a = x + 17, -x - 4*a = 13. Let c = x - -7. Let w be ((-2)/3)/(10/(-810)). What is the greatest common divisor of c and w?
6
Let i be 8 - (-1 + (1 - 2)). Let y = -35 - -51. Suppose y = -2*w + 6*w - 4*j, 4*w - 3*j = 16. Calculate the highest common divisor of w and i.
2
Let x(d) be the second derivative of 2*d - d**2 + 0 - 1/3*d**3. Let i be x(-4). What is the greatest common divisor of i and 24?
6
Suppose 0 = -4*h + 531 + 29. Calculate the highest common factor of 14 and h.
14
Let v be ((-1)/3)/(46/24 - 2). Let s be -2 - (0 + (-5)/1). Suppose -2*z + 4*b + 40 = 0, -z - s*z - b = -116. What is the greatest common divisor of v and z?
4
Let p(y) = 2*y**2 - y - 18. Let h be p(-7). Calculate the greatest common factor of h and 29.
29
Suppose 4*q + x - 2*x = 142, 5*q - 2*x = 176. What is the greatest common factor of q and 12?
12
Let r be ((-42)/8)/((-3)/8). Calculate the greatest common factor of 70 and r.
14
Let j be (1 + -5)*6/3. Let a be (-616)/(-18) - j/(-36). Calculate the highest common divisor of 51 and a.
17
Let s = 2 + 1. Suppose 4*w = 3*y - 167, 0*w = s*w + 4*y + 144. Let j = 154 + w. What is the highest common factor of j and 10?
10
Let l = 499 - 235. What is the greatest common factor of 33 and l?
33
Let n be (8*2/(-1))/(-1). Let p be (168/(-70))/(6/(-160)). What is the highest common factor of p and n?
16
Let n be (56/20)/((-2)/(-10)). Let i = -11 + n. What is the greatest common factor of i and 6?
3
Let y be 4/(12/(-9)) + 2. Let d be y/((2 - 5) + 2). Let c be (-6)/((-27)/21 + d). Calculate the highest common factor of c and 7.
7
Let b(z) = -z**3 - 5*z**2 + 5. Let q be b(-5). Suppose 105 = q*o - 25. Let h(a) = -4*a + 1. Let s be h(-3). Calculate the greatest common divisor of o and s.
13
Let a(x) = x**3 - x**2 + 2. Let d be a(2). Suppose -n + d = -11. Calculate the highest common factor of 17 and n.
17
Let x(h) = h**3 + 9*h**2 + 8*h + 9. Let z be x(-8). Let y = -2 - 2. Let j(n) = -8*n + 4. Let u be j(y). What is the greatest common divisor of u and z?
9
Suppose -2*x + 144 = 4*l, 2*l = -2*x - 2*x + 294. Let y = x + -50. Calculate the highest common factor of 3 and y.
3
Let v be -138*-1*2/6. Calculate the greatest common factor of 115 and v.
23
Suppose -4*m + 6 = 2*p, -3*m - 2*p + 6 = 2*m. Suppose m = 4*v - 0*v - 128. What is the greatest common factor of 16 and v?
16
Let a(k) = k**3 + 7*k**2 - 4*k - 8. Let p be a(-6). What is the highest common divisor of 52 and p?
52
Let d be 0*(-1 - 0)*-1. Let h = d + 4. Let c = 28 + 8. Calculate the greatest common divisor of h and c.
4
Let c be ((-51)/2)/(19/(-38)). Calculate the greatest common factor of c and 17.
17
Let b(i) = -i**3 - 8*i**2 - 10*i - 1. Let x be b(-7). What is the greatest common divisor of 30 and x?
10
Let a be (-2)/7 - 158/(-14). Let p = -11 + 15. Let d be (242/p)/(1/2). What is the greatest common divisor of d and a?
11
Let a be (-3)/(-4) - (-3367)/28. What is the greatest common factor of 11 and a?
11
Let x(i) = i**2 + 10*i - 19. Let p be x(-13). Let l = 28 - p. Suppose 3*a + h - 3*h = 14, -7 = -3*a - 5*h. Calculate the highest common divisor of l and a.
4
Suppose 220 = 7*h - 3*h - t, 2*t = 4*h - 220. What is the highest common factor of h and 11?
11
Let h = 22 - 8. Suppose 4*s = h - 2. Suppose 7 = -j + 5*j - s*m, 5*j - 7 = 2*m. Calculate the greatest common factor of 1 and j.
1
Suppose -3*f - u + 349 = -3*u, 3*u + 236 = 2*f. Let g be 140/6 - ((-130)/(-30))/13. Calculate the greatest common divisor of f and g.
23
Suppose 0*w = w - 3. Suppose 5*o = b + 2*o - 79, w*b = -4*o + 198. What is the highest common factor of 14 and b?
14
Let x(r) = r**2 + 3*r - 16. Let l be x(5). What is the greatest common factor of l and 4?
4
Let m = -18 - -22. What is the greatest common divisor of 28 and m?
4
Let j be 13 - ((-1)/1)/1. Suppose y + 3*w = -3*y + 401, y + 3*w = 107. Calculate the highest common divisor of y and j.
14
Let d be (-128)/20 + 6 + 1087/5. What is the greatest common divisor of d and 31?
31
Let u be -263*(-3 - -4 - 0). Suppose 2*o = -2*o + 3*n - 580, 0 = 3*o + 5*n + 406. Let k = o - u. Calculate the greatest common factor of 11 and k.
11
Suppose 0 = -x + 4 - 1, 0 = 2*f - x + 11. Let t(l) = -l**2 - 5*l. Let i be t(f). Suppose -i*h + 32 = 4. What is the greatest common factor of 7 and h?
7
Let a = 150 + -105. Calculate the greatest common divisor of 9 and a.
9
Suppose 4*f + 3*v = 16, -3*f + 4*v - 2*v + 12 = 0. Suppose -f*c + 473 = 2*u - 7*u, 2*c + 2*u - 214 = 0. What is the highest common factor of c and 14?
14
Let s be (-22)/5*(-36 + 11). Suppose t = 3*t - s. What is the highest common factor of 22 and t?
11
Let l be (67 - -4) + (-2 - -1). Calculate the greatest common factor of 10 and l.
10
Suppose 11 + 129 = 2*g. Let a be ((-1)/1)/((-6)/60). What is the highest common factor of g and a?
10
Let w = -15 + 246. What is the highest common factor of 21 and w?
21
Let z(t) = 9*t - 22. Let a be z(13). What is the highest common factor of 38 and a?
19
Let b be 0 - (-27 + 2) - 1. Suppose -4*w = -3*f + 6, -4*w + 2*w + 18 = 2*f. Calculate the greatest common divisor of b and f.
6
Let l(k) = 8*k**2 - k + 8. Let p be l(4). Let g(z) = -3*z. Let n be g(-4). What is the highest common factor of n and p?
12
Suppose 20 = 3*y - 13. Let x = y - 1. Suppose -3*k + 2 - 30 = -5*t, 5*t = -5*k + 20. What is the highest common factor of x and t?
5
Let x be 0 + (316 + 4)/2. What is the greatest common divisor of 10 and x?
10
Suppose y + g = 4, -3*g + 1 + 4 = -4*y. Let n be 30*(-2)/(y*-2). Suppose 3*w + 4*a = 25 - 2, -5*a + n = 4*w. Calculate the highest common factor of w and 1.
1
Suppose 0 = -3*b - f + 49 + 76, b = -5*f + 37. Suppose 4*d + 0*a - 47 = -3*a, 59 = 4*d - a. What is the highest common factor of b and d?
14
Suppose -2*z - 3*z = 0. Let n be (z + -20)*8/(-5). What is the highest common divisor of n and 80?
16
Let x be (-154 - -4)/(1*-2). Calculate the greatest common factor of x and 15.
15
Suppose -k = 2*w - 15, -2*w + 31 = -2*k + 7. Let v be 0 - 1*114/(-3). Suppose -p + i = -2, -3*p + i = 6*i - v. Calculate the highest common divisor of w and p.
3
Let r = 20 - -14. Calculate the highest common divisor of r and 238.
34
Let y be ((-33)/(-22))/((-6)/32). Let u be -8*(0 - (-2)/y). Calculate the highest common factor of 22 and u.
2
Suppose -132 - 220 = -4*j. Let l(u) = 8*u**2. Let f be l(1). What is the greatest common factor of j and f?
8
Suppose 127 = 7*x - 27. Let p(k) = -4*k - 2 + 2*k**2 + 1 + 2*k. Let m be p(3). Calculate the highest common factor of x and m.
11
Let b = 66 + -30. Let n = -18 - -91. Suppose -2*p - q + 0*q = -53, 0 = -2*p - 5*q + n. Calculate the greatest common divisor of p and b.
12
Let l be 2 + (-6)/(-3) + 0. Let i be l*-3*(-11)/2. Calculate the highest common factor of 11 and i.
11
Let c be (10/(-4))/(1/(-6)). Suppose -3*b + 18 = -0*b. Calculate the greatest common factor of b and c.
3
Suppose 2*a + 3*t = 5*a + 15, 0 = -3*t + 15. Suppose a = -2*l - 0*l + 5*h + 115, 298 = 5*l - 2*h. Calculate the greatest common factor of 15 and l.
15
Let h(m) = m**3 - 5*m**2 + 3*m - 6. Let w be h(5). Let y(v) = -4*v. Let p be y(-9). What is the highest common factor of p and w?
9
Suppose 3*o + 0*h + h = -27, 49 = -4*o + 3*h. Let z be 1/5 - 878/o. What is the highest common divisor of 8 and z?
8
Suppose 4*a + 10 = -5*m + 48, m = -a + 9. Let d = -4 + a. Suppose d*r + r - 18 = -2*v, -5*v - 5*r + 50 = 0. Calculate the highest common divisor of v and 11.
11
Let d(h) = -h**3 + 4*h - 4. Let c be d(-4). Let n be c/33 - 59/(-3). Calculat